/20. Suppose 2*r + 9 = r. Let z = r - -63. What is the greatest common divisor of z and f?
9
Let x(q) = -q**2 - 3*q + 1. Let b be x(-3). Let w = -6 - -11. Let k = 14 - w. Calculate the highest common divisor of b and k.
1
Suppose p + 5*z + 3 + 2 = 0, 3*z = p - 11. Suppose -5*t + 710 = p*u + 110, 3*t = 15. Calculate the greatest common divisor of 46 and u.
23
Let q be ((-2)/(-1) + -2)/2. Suppose q = -4*x - 3*j + 17, 2*j = -4*x + 5 + 9. Calculate the greatest common divisor of 5 and x.
1
Let o(z) be the third derivative of z**6/2 - z**4/24 + z**3/6 - 5*z**2. Let i be o(1). Calculate the greatest common factor of 20 and i.
20
Suppose -o - o = -60. Let n(l) = -l**2 + 10*l - 10. Let m be n(8). What is the highest common divisor of o and m?
6
Let v(k) = k**3 + 4*k**2 - 10*k - 9. Let c be v(-6). Let s = c - -49. Suppose -t + s = t. What is the greatest common factor of t and 21?
7
Let i(g) = g**2 - g - 3. Let h be i(4). What is the greatest common divisor of h and 18?
9
Let n = -83 + 300. What is the highest common divisor of n and 7?
7
Let w = -7 - -10. Suppose -58 = -2*l + 2*a, -w*l - 114 = -7*l + 3*a. What is the highest common factor of l and 3?
3
Suppose 2*p = 6*p - 40. Suppose -p + 40 = 3*c. Let s be -2*(-10)/2 + 0. Calculate the greatest common divisor of c and s.
10
Suppose 0 = -2*r + 4*r + 204. Let o = r + 174. What is the greatest common factor of o and 9?
9
Suppose -5*v = -47 - 28. Let q = -4 + v. Let p = -283 - -404. What is the highest common factor of q and p?
11
Let l = 11 + -2. Calculate the highest common divisor of l and 90.
9
Suppose -t + 20 = 3*t. Suppose -t*u = -4*c - 322, 3*u - 122 = u + 5*c. Calculate the highest common divisor of 44 and u.
22
Suppose 5*g - 75 = -5*w, -2*g + g - 3*w + 25 = 0. Let d = -15 + 19. Calculate the highest common factor of g and d.
2
Suppose 2*y - 36 = -y. What is the highest common divisor of 3 and y?
3
Let x = 106 - 41. Suppose -t = -4*q, -2*q - 3*q = -3*t + 7. Suppose 2*g - 64 = t*f, f = -2*g + 44 + 5. Calculate the greatest common divisor of x and g.
13
Suppose 1 = 2*h - 5. Suppose -3*m = 4*y - 35, -y + 0 + 2 = 0. What is the greatest common divisor of m and h?
3
Suppose -3*v + 30 + 3 = 0. Let q be 63 + ((-5)/(-1) - 2). Calculate the greatest common divisor of q and v.
11
Suppose 6*l = 7*l - 63. What is the highest common divisor of l and 9?
9
Suppose 3*m - 36 = 30. Suppose 5*z = 25, -q + z - m = -2*q. What is the highest common divisor of 51 and q?
17
Let s(f) = -56*f + 4. Let m be s(-4). Suppose 4*w - m = w. Suppose -4 = -4*z + w. What is the highest common divisor of z and 100?
20
Let g(b) = b**3 - 14*b**2 + 13*b - 5. Let m be g(9). Let i = 668 + m. Suppose -p - 4*p + i = 0. What is the highest common factor of p and 15?
15
Let l = 5 + -5. Suppose l = -3*i - f + 16, -f + 2*f = 1. Suppose -7*b + 2*b + i*x + 70 = 0, -b + 8 = 5*x. Calculate the greatest common factor of 143 and b.
13
Let t be 2/5 + (-16)/(-10). Let p(z) = -2*z + 12. Let v be p(-10). Suppose -4*w + 2*w = -v. What is the highest common factor of t and w?
2
Suppose -105 = -c - 2*c. Suppose -5*v = s - 15, 5*s = -v - 4*v + c. Let h = 1 + s. What is the highest common divisor of h and 12?
6
Let v(l) = l**2 - l - 4. Let g be v(4). What is the greatest common divisor of 4 and g?
4
Suppose -3 = 2*j - 15. Suppose -j - 59 = -5*m. Let k = 300 + -157. What is the greatest common factor of k and m?
13
Let k(d) = d**3 + 7*d**2 + 4*d + 4. Let j be k(-6). Calculate the greatest common divisor of j and 160.
16
Let y = 7 + 11. Let b be (2/(-6))/((-3)/y). Suppose 0 = -3*z + 2*z - 4*k - b, 3*z + 5*k = 8. Calculate the greatest common divisor of z and 30.
6
Let h = 27 + -8. Let n be (1/(-2))/(1/8). Let f(g) = 6*g**2 + 6*g + 4. Let x be f(n). Calculate the greatest common divisor of h and x.
19
Suppose 5*w + 13 = -4*g - 0*g, 5*g = 4*w - 6. Let x be 1/g*-4 - -37. Calculate the highest common factor of x and 26.
13
Suppose -4 = -33*r + 31*r. What is the greatest common factor of 4 and r?
2
Suppose 0 = -3*o - 2*o. Suppose 112 + o = 2*y. Calculate the highest common divisor of y and 8.
8
Let m be 12/2*4/6. Suppose 4*b + 180 = m*r, 2*b - 3*b - 5 = 0. Calculate the highest common factor of 16 and r.
8
Let k be (-16)/(-1) - (-1)/(-1). Let p = 53 + 22. What is the greatest common divisor of k and p?
15
Suppose 6*f - 312 = -2*f. What is the highest common divisor of 195 and f?
39
Let x = 31 + 17. Let z = x - 31. What is the greatest common divisor of z and 153?
17
Suppose a = -0*a + 1. Let s(n) = n**2 + n - 3. Let t be s(-3). Let r be a - (2 - t) - -17. Calculate the greatest common divisor of 209 and r.
19
Suppose g + g = 3*u - 14, -2*u = 3*g - 18. Calculate the highest common factor of 24 and u.
6
Let p(l) = 0*l - 5*l - 1 - 4*l + 4*l. Let f be p(-3). What is the highest common factor of 154 and f?
14
Let x = 30 - 19. What is the greatest common divisor of 22 and x?
11
Let c = 110 - 65. Suppose -4*u = v - 76, 0 = 4*u + 3*v - 76 - 8. Calculate the greatest common factor of u and c.
9
Suppose 6*d = 6 - 0. Suppose -b - 2*n + 7*n = -21, -2*n - 8 = 0. Calculate the highest common divisor of b and d.
1
Let f(p) = -p**3 - 9*p**2 + 36*p + 1. Let b be f(-12). Suppose -3*v + q + 8 + 21 = 0, -5*v = 3*q - 39. Calculate the highest common divisor of b and v.
1
Let s = -8 + 7. Let i = s + 9. Calculate the greatest common factor of 1 and i.
1
Let d = -1 - -1. Suppose 2*f - 4*y = -2*y + 8, d = -3*y + 15. Let z be 18/81 + 70/f. Calculate the greatest common factor of 64 and z.
8
Let s(u) = 10*u - 3. Let a = 6 + -7. Let k be 2/a*(-1 - 0). Let t be s(k). What is the greatest common divisor of t and 187?
17
Suppose 3*x + 52 = -m, -2*x + 0*m = -5*m + 12. Let b be (1089/(-44))/(3/x). Calculate the highest common factor of 12 and b.
12
Let r be (-2)/(-8) + (-13)/52. Let j = 10 + r. Calculate the greatest common factor of 15 and j.
5
Suppose -5*o = -4*o. Suppose o*g - 3*g + 18 = 0. What is the greatest common factor of g and 48?
6
Let o(j) = -j**2 + 6*j - 7. Let x be o(5). Let w be (-140)/(-6) + x/(-3). What is the highest common divisor of 60 and w?
12
Suppose -83 = -2*d - 23. Let o be ((-64)/(-10))/(4/d). Calculate the greatest common factor of o and 12.
12
Let v be 2 + 4 + -1 + -2. Let s(n) = 4*n - 3*n + 2*n**2 + 0*n + 1 + v*n. Let a be s(-3). Calculate the highest common divisor of 21 and a.
7
Let q be 14 + 0 + 3 + -2. Suppose j - 4 = z + q, -j = 2*z - 22. Suppose -b - 4*b = -j. What is the highest common factor of 1 and b?
1
Suppose 3*v = -4*b + 34, -v + 3*b + 4 = -29. Calculate the highest common factor of 90 and v.
18
Suppose -5*f + 700 = 5*f. What is the highest common divisor of f and 35?
35
Suppose -5*f - 2*y - 6 = 0, -y - 3*y = -2*f + 12. Suppose f = -n + 3 + 1. Suppose 4*m - 3*m = 8. Calculate the highest common factor of n and m.
4
Let m(c) be the first derivative of -c**2 + 4 - 3 + 2*c**2 - 7*c. Let j be m(6). What is the highest common factor of j and 40?
5
Suppose 0 = 2*d + 13 - 305. Let w = d + -58. What is the highest common factor of w and 11?
11
Let g be (-2)/(-6) - (-20)/(-6). Let l be (-4)/32 + (-81)/(-8). Let s be (168/l)/(g/(-15)). What is the greatest common factor of 12 and s?
12
Suppose 13 = 3*w - 17. Let s = -71 - -23. Let r = s - -78. Calculate the highest common factor of w and r.
10
Let d(m) = -m**3 + 8*m**2 + 9. Let a be d(8). Calculate the greatest common factor of 1 and a.
1
Let k be ((-123)/(-2))/((-1)/2). Let g be k/(-5) + 3/(-5). Suppose 4*v = 12 + g. What is the greatest common factor of v and 81?
9
Suppose g - 255 = -4*g. What is the highest common factor of g and 34?
17
Suppose -t = -4*d + 2, 3*t = 4*d - 0*t + 2. Let f be (-3 + 6)*15*d. Calculate the greatest common factor of f and 30.
15
Let f = 9 - 3. Let w be 0 - 6/(-3) - -22. Calculate the greatest common factor of f and w.
6
Let b be 69 + -1 + (1 - 0). Let t = b - 17. What is the highest common divisor of t and 13?
13
Let c be 1518/21 - 2/7. Suppose 5*j - 9 = -2*v, 4*v - j = -0*j + 51. Calculate the greatest common divisor of c and v.
12
Let t be 2 + -6 + 3 + 0. Let w be (2 + t)/(1/9). Let s = -248 + 347. Calculate the highest common factor of w and s.
9
Suppose -2*m + 0*c + 38 = 2*c, -3*m = 4*c - 57. Let h = -58 + 82. Let f be (-2 + h/9)*114. Calculate the highest common divisor of m a